n thousands digit of 1199043384?
4
What is the hundreds digit of 1152065?
0
What is the ten millions digit of 17497793?
1
What is the units digit of 5550441987?
7
What is the ten millions digit of 248473348?
4
What is the thousands digit of 259992510?
2
What is the hundreds digit of 19084966?
9
What is the millions digit of 28172519?
8
What is the thousands digit of 124722235?
2
What is the thousands digit of 3090951251?
1
What is the hundred thousands digit of 267867135?
8
What is the tens digit of 109217329?
2
What is the tens digit of 2997998?
9
What is the hundreds digit of 181112687?
6
What is the tens digit of 966927227?
2
What is the tens digit of 166925528?
2
What is the hundred millions digit of 5490458067?
4
What is the millions digit of 170734646?
0
What is the ten millions digit of 77516229?
7
What is the hundreds digit of 663697972?
9
What is the thousands digit of 432479686?
9
What is the hundreds digit of 738619499?
4
What is the millions digit of 297286683?
7
What is the thousands digit of 198057095?
7
What is the thousands digit of 180424240?
4
What is the hundred thousands digit of 40019245?
0
What is the thousands digit of 51503141?
3
What is the hundreds digit of 101400836?
8
What is the tens digit of 320409594?
9
What is the millions digit of 668373384?
8
What is the hundreds digit of 1450568424?
4
What is the ten millions digit of 206693587?
0
What is the hundred thousands digit of 2316587191?
5
What is the ten thousands digit of 61611154?
1
What is the ten millions digit of 204858685?
0
What is the billions digit of 3865684575?
3
What is the hundred millions digit of 4559787958?
5
What is the tens digit of 391820519?
1
What is the tens digit of 7322171?
7
What is the millions digit of 143123688?
3
What is the units digit of 155767375?
5
What is the hundred thousands digit of 31068711?
0
What is the ten millions digit of 159713411?
5
What is the thousands digit of 168380?
8
What is the ten thousands digit of 1550539032?
3
What is the tens digit of 3394690955?
5
What is the hundreds digit of 38950219?
2
What is the hundred thousands digit of 10391913?
3
What is the ten thousands digit of 8258499?
5
What is the hundred millions digit of 5812250283?
8
What is the units digit of 16814267?
7
What is the hundred thousands digit of 316135641?
1
What is the hundred thousands digit of 140477885?
4
What is the units digit of 614264263?
3
What is the tens digit of 3875811022?
2
What is the ten millions digit of 61223447?
6
What is the ten millions digit of 59819769?
5
What is the ten millions digit of 204053351?
0
What is the tens digit of 149221513?
1
What is the hundreds digit of 1393112612?
6
What is the thousands digit of 599197871?
7
What is the tens digit of 390224610?
1
What is the ten thousands digit of 189111428?
1
What is the millions digit of 8175954?
8
What is the ten thousands digit of 2347511289?
1
What is the ten millions digit of 1840731760?
4
What is the hundreds digit of 344400266?
2
What is the tens digit of 2507764?
6
What is the hundred millions digit of 563465401?
5
What is the hundreds digit of 32297728?
7
What is the thousands digit of 24139797?
9
What is the units digit of 5786497546?
6
What is the hundreds digit of 1441068261?
2
What is the hundred thousands digit of 48541194?
5
What is the hundred millions digit of 3388837169?
3
What is the tens digit of 99325581?
8
What is the hundred thousands digit of 873907396?
9
What is the ten thousands digit of 16511387?
1
What is the hundreds digit of 3369190502?
5
What is the ten millions digit of 2888915976?
8
What is the units digit of 597052051?
1
What is the ten millions digit of 80467169?
8
What is the hundred millions digit of 169097774?
1
What is the hundreds digit of 11784266?
2
What is the hundred thousands digit of 232092233?
0
What is the millions digit of 6735584?
6
What is the ten thousands digit of 159496586?
9
What is the millions digit of 89523170?
9
What is the millions digit of 133319863?
3
What is the tens digit of 154034867?
6
What is the tens digit of 3030344312?
1
What is the ten thousands digit of 1339982624?
8
What is the tens digit of 2020537284?
8
What is the hundreds digit of 339992894?
8
What is the ten millions digit of 118936035?
1
What is the hundred thousands digit of 3408052?
4
What is the hundreds digit of 1475672496?
4
What is the thousands digit of 85835286?
5
What is the thousands digit of 48804616?
4
What is the thousands digit of 1147110899?
0
What is the ten millions digit of 35641901?
3
What is the millions digit of 451602039?
1
What is the millions digit of 98564314?
8
What is the hundred thousands digit of 55163793?
1
What is the units digit of 438055104?
4
What is the hundred millions digit of 2652955254?
6
What is the hundreds digit of 3715010661?
6
What is the hundred thousands digit of 1199884070?
8
What is the hundred millions digit of 697384466?
6
What is the ten millions digit of 6576822342?
7
What is the ten millions digit of 1267881597?
6
What is the thousands digit of 843300484?
0
What is the hundreds digit of 125525930?
9
What is the units digit of 18038031?
1
What is the billions digit of 2584183960?
2
What is the millions digit of 98827887?
8
What is the hundred thousands digit of 29209848?
2
What is the thousands digit of 78674707?
4
What is the hundred thousands digit of 2916928097?
9
What is the hundred thousands digit of 2963891682?
8
What is the thousands digit of 135788548?
8
What is the ten thousands digit of 4170820720?
2
What is the thousands digit of 5542099735?
9
What is the hundreds digit of 2180487926?
9
What is the ten thousands digit of 207150560?
5
What is the millions digit of 267381026?
7
What is the ten millions digit of 16807489?
1
What is the millions digit of 3867999516?
7
What is the thousands digit of 109810672?
0
What is the hundred thousands digit of 59616154?
6
What is the ten millions digit of 52720649?
5
What is the units digit of 451625242?
2
What is the tens digit of 38479395?
9
What is the units digit of 1235496118?
8
What is the ten millions digit of 21060791?
2
What is the hundred thousands digit of 2631690850?
6
What is the ten millions digit of 1347781900?
4
What is the tens digit of 439327748?
4
What is the hundred thousands digit of 145317819?
3
What is the hundred millions digit of 951114959?
9
What is the ten thousands digit of 71773849?
7
What is the tens digit of 6553874?
7
What is the hundreds digit of 24154595?
5
What is the hundred millions digit of 429479601?
4
What is the thousands digit of 47391783?
1
What is the millions digit of 44716814?
4
What is the units digit of 295025244?
4
What is the hundred millions digit of 3550812374?
5
What is the ten thousands digit of 2756734244?
3
What is the hundreds digit of 3381623203?
2
What is the ten thousands digit of 35150204?
5
What is the millions digit of 36692653?
6
What is the tens digit of 80804482?
8
What is the hundreds digit of 7728022117?
1
What is the hundreds digit of 1969357998?
9
What is the hundred thousands digit of 232609817?
6
What is the millions digit of 169686346?
9
What is the millions digit of 27340948?
7
What is the hundred thousands digit of 2499953131?
9
What is the ten millions digit of 34162205?
3
What is the units digit of 73415234?
4
What is the hundreds digit of 57439438?
4
What is the millions digit of 12492896?
2
What is the hundred millions digit of 1886847253?
8
What is the ten thousands digit of 30296570?
9
What is the millions digit of 9569157?
9
What is the thousands digit of 15395044?
5
What is the hundreds digit of 6398452774?
7
What is the tens digit of 5458776725?
2
What is the ten thousands digit of 129791176?
9
What is the hundred millions digit of 156901840?
1
What is the millions digit of 272492217?
2
What is the hundred thousands digit of 807591876?
5
What is the hundreds digit of 873602096?
0
What is the hundred thousands digit of 229287125?
2
What is the tens digit of 93778007?
0
What is the units digit of 20199326?
6
What is the ten millions digit of 884270582?
8
What is the thousands digit of 472627264?
7
What is the hundred thousands digit of 69195107?
1
What is the thousands digit of 4382297089?
7
What is the billions digit of 1894625698?
1
What is the millions di